g) = 43*g**2 - 1199*g - 112. Let u be m(28). Suppose -l = l - 448. Calculate the greatest common divisor of l and u.
28
Suppose 2*q + 31 = 3*t + 326, 0 = -3*q + 2*t + 430. Let r(p) = 26*p**2 + 666*p - 664. Let c be r(1). Calculate the highest common factor of q and c.
28
Suppose 5*m = 4*m + 35. Let a be 885/(-826)*(-14)/(-12)*(-1 + -3). What is the greatest common factor of a and m?
5
Let y(u) = 4*u**2 - 106*u - 1253. Let v be y(-12). Calculate the highest common divisor of v and 3808.
119
Let k be (-204)/(-255)*10*(-11)/(-1). Calculate the greatest common factor of 30184 and k.
88
Suppose 2*j + 5*x = 4*x + 2, -5*j = 2*x - 4. Let i be j + 12/(-3) - -118. Let d = i - 93. What is the highest common divisor of d and 105?
21
Suppose -31*w + 720 = -15*w - 192. What is the highest common factor of 12 and w?
3
Suppose 3243*r = 3248*r - 990. Suppose 0*c + 5*c - 28 = z, -2*c = 5*z + 5. Let y be 468/27 + (-2)/z. Calculate the greatest common factor of y and r.
18
Let r(l) = -154 + 273 + 4*l - 119. Suppose -5*v - 5 + 15 = 0. Let j be r(v). Calculate the greatest common factor of 2 and j.
2
Suppose -29*o - 3952 = -21*o. Let c = 1430 + o. What is the greatest common divisor of c and 9?
9
Suppose 293 = x - 2*z - 149, 1206 = 3*x + 4*z. Let b = 62 + -43. What is the highest common factor of b and x?
19
Let w be (4/(-3))/(80/(-60)). Suppose 2*y - 3 = -w, 3*c - 5*y - 382 = 0. What is the highest common factor of c and 86?
43
Let l be (-8)/(288/1212)*(0 - -9). Let j be -3 + l/(-33) + (-8)/44. Suppose 4*k - 348 = -132. Calculate the highest common factor of k and j.
6
Suppose 67 - 111 = -11*f. Suppose 0*h - h = 0. Let p be 2 - (-21 - h) - 3. Calculate the highest common divisor of p and f.
4
Suppose 4 = 4*c, 3*x + c - 26 = 2*x. Suppose -1412 = -x*j + 388. What is the greatest common factor of j and 9?
9
Suppose 8*z - 6*z = 8. Let q be (-2 - (1 - 1)) + z. Let g(x) = 4*x + 31. Let i be g(-7). What is the greatest common divisor of q and i?
1
Let f be -95*132/110*-1. What is the highest common divisor of 20406 and f?
114
Suppose 9*k + 14 = 5. Let c(w) = -131*w**3 - w**2 - w + 1. Let o be c(k). Let a = 8 + 4. What is the greatest common factor of a and o?
12
Let q = -16372 - -16525. What is the highest common divisor of q and 323?
17
Let b(s) = s + 184. Let z be b(-16). Let y = 48 + -24. Let p be (0 - (7 - 4)) + y. What is the greatest common factor of z and p?
21
Suppose v - 3*i = -6, -34*v + 32*v + 8 = -2*i. Calculate the highest common divisor of v and 249.
3
Let b(r) = -r**3 + 7*r**2 + 64*r - 16. Let f be b(11). Suppose -q + 18*q - f = 0. What is the highest common factor of 300 and q?
12
Let m = -4505 + 5693. What is the highest common divisor of 44 and m?
44
Let n = -222 + 225. Let k be 12/18*(-156)/(n - 7). What is the greatest common factor of k and 8?
2
Let u(b) = -4*b**2 - 61*b + 1896. Let z be u(-30). Calculate the highest common factor of z and 2114.
14
Suppose 386 = 53*d + 50*d - 232. Calculate the highest common divisor of 4500 and d.
6
Suppose 1 = -k, -k - 28 = -t + 47. What is the highest common factor of t and 12358?
74
Let j be (1472/115 - 14) + (-13)/10*-14. What is the greatest common divisor of j and 8?
1
Let m be -1 + 3 - (-7 + 4). Let r(x) = 6*x - 23*x + 8*x + 7*x + 30. Let j be r(m). What is the highest common factor of 30 and j?
10
Let o be (35/(-1))/(-7) - (-51 + 1). Let a(x) = -2*x - 7 + 2 + 6. Let d be a(-5). Calculate the highest common factor of d and o.
11
Suppose 2*q = -d + 28, 0 = -65*q + 70*q + 30. Calculate the greatest common factor of d and 2240.
40
Suppose 510 + 43 = 4*g - z, -3*g + 3*z = -408. Suppose -18*a + 59 = -g. What is the greatest common divisor of a and 143?
11
Suppose 5*v + 44 - 234 = 0. Suppose 9*q = -17*q + 52. What is the highest common divisor of v and q?
2
Let k be 2 + (2 + (-9)/3)*(5 - 2469). What is the highest common divisor of 45 and k?
9
Let n(q) = -6*q - 24. Let l be n(-6). Let m be ((-4)/(-2) + 2)*66. What is the highest common factor of l and m?
12
Let u = -2864 - -3088. Let z be 3/(-6)*2*-7. Calculate the greatest common divisor of z and u.
7
Suppose -7 = m - 23. Suppose 3*i = 42 + 6. Suppose 0 = -4*d + m + i. What is the greatest common factor of 72 and d?
8
Let r be 18/4 + -1 + 12/(-8). Suppose 3*z - 3 = -3*s, -r*s = -2*z + 3*s + 9. What is the highest common factor of 3 and z?
1
Suppose 9 = -h + 24. Let z be h + (3 - 3) - 4. Let q = 17 - z. Calculate the highest common divisor of q and 12.
6
Let g = 3019 + -2430. What is the highest common factor of 124 and g?
31
Let n(s) = s**3 + 10*s**2 - 5*s - 6. Let p be n(-10). Let f = 7 + p. Let w(k) = -k + 204. Let m be w(0). What is the highest common factor of m and f?
51
Suppose -3*s - 6*v = -882, -28*s - 4*v - 572 = -30*s. Calculate the greatest common divisor of 2146 and s.
58
Let d = -44 + 52. Suppose d - 5 = c. Suppose -8*y = -c*y - 50. What is the highest common factor of y and 110?
10
Let d(t) = t**3 + 15*t**2 + 27*t - 96. Let l be d(12). Calculate the greatest common factor of l and 28.
28
Suppose 26 = -3*v + 5*h + 503, -4*v = 2*h - 636. Let t(s) = 23*s**2 - 2*s - 1. Let r be t(-3). What is the greatest common divisor of r and v?
53
Let k = 57 - -81. Let r = -88 + k. Let f = -347 - -747. Calculate the greatest common divisor of r and f.
50
Let f(g) = 2*g**2 - 5*g - 26. Let y(r) = 4*r**2 - 10*r - 51. Let h(n) = -7*f(n) + 4*y(n). Let t be h(9). Calculate the greatest common divisor of 19 and t.
19
Let t(p) = 12787*p - 242913. Let x be t(19). Let q = 0 - 1. Let g be (0 + q)*2 - -10. Calculate the highest common factor of g and x.
8
Let u be -10*2/4 - -133. Let i = u + -123. What is the greatest common divisor of 15 and i?
5
Suppose 0 = -5*b + 104 - 24. Suppose b + 4 = -i. Let r be (-12)/i*(45 - 0/2). What is the greatest common divisor of 9 and r?
9
Suppose -2*s = -4*c - 604, 0 = -3*s + 9*c - 14*c + 961. What is the greatest common divisor of s and 204?
12
Suppose -w = -3*i + 17, -2*i - 2*w + 1 - 3 = 0. Suppose 2*y + 2*m - 26 - 14 = 0, -i*y + 84 = 5*m. What is the greatest common factor of 112 and y?
16
Suppose -151 + 25 = -5*z + 4*q, -5*q - 20 = 0. Calculate the greatest common divisor of z and 14894.
22
Let d(h) = h + 110. Let i be d(0). Suppose -5*q + q - 132 = -16*q. What is the greatest common factor of q and i?
11
Let u be -85*11/(-385) - (-4)/7. Suppose -15 = u*l, -2*g = -l - 5 - 20. What is the highest common factor of g and 190?
10
Let z be 59/4 + (88/(-32) - -3). Suppose z = -3*p + 27. What is the greatest common factor of p and 10?
2
Suppose 2*a = -t, -4*t = -5*a - 2*t + 18. Let p be -10*(a/(-8) - 130/40). Calculate the highest common factor of 63 and p.
7
Let n(a) = 2*a**3 - a - 2. Let m be n(-5). Let q = 251 + m. Calculate the greatest common divisor of 13 and q.
1
Let v be ((-33170)/(-26))/5 + 5/(715/(-22)). Calculate the highest common factor of v and 612.
51
Let g(b) = b**2 + 7*b + 4. Let u be g(-7). Suppose -106 - 2 = -u*c. Let n = c - 4. Calculate the highest common factor of n and 253.
23
Let i(g) = 2*g**2 - 4*g - 1. Let n be i(4). Suppose 0 = -12*s + 17*s - n. Suppose 5*d - 72 = -s*d. Calculate the greatest common divisor of d and 81.
9
Let n be -18*(-5 - -4) - 0. Suppose n*m = 17*m + 11. Suppose -3*h - v + 45 = -52, 4*v + 8 = 0. Calculate the greatest common divisor of h and m.
11
Let u(q) = 27*q - 66. Suppose v - 70 = -13*v. Let f be u(v). Suppose -4*g = -122 - 62. Calculate the highest common factor of g and f.
23
Suppose -2*o + 10 + 0 = 0. Let p be -3 + (-5 + o - -9). Calculate the greatest common divisor of 9 and p.
3
Suppose q - 1173 = -i - 149, -7*i - 4*q + 7174 = 0. What is the highest common factor of i and 27?
27
Suppose -2*c = -4*c. Suppose 930 + 498 = 42*s. Suppose 0 = -z + 4*p + 44, 5*z + 4*p - 230 + s = c. What is the greatest common divisor of 100 and z?
20
Suppose 0 = -71*w - 19*w + 1430 + 1720. Calculate the greatest common factor of w and 1673.
7
Let k be 16/(-4)*(-2)/4. Let d be (2/(-3))/k*-36. Suppose -309 = -10*l + 351. What is the greatest common factor of d and l?
6
Suppose 0 = 5*n - r - 88, 23*n - 22*n - 56 = 5*r. Let b(h) = 39*h + 3. Let d be b(11). Calculate the highest common divisor of n and d.
16
Suppose 24*p + 2 = 1322. Calculate the greatest common divisor of 65 and p.
5
Let b be ((-100)/15)/(1/(-3))